/12 is divided by j.
16
Suppose -4*b + 18*x = 15*x - 437, -b - 5*x = -92. Let f(u) = u**2 - 4*u + 4. What is the remainder when b is divided by f(-4)?
35
Suppose 6*c - 44 = 2*c. Suppose -2*x + c = -1. Calculate the remainder when 10 is divided by x.
4
Let r = 115 - 463. What is the remainder when -1*5/20*r is divided by 10?
7
Let y = 153 + -138. What is the remainder when (0/2)/(-1) - -42 is divided by y?
12
Let l(q) = -q**3 + 11*q**2 - q + 5. Suppose -5*n + 55 = -0*n. Let p be l(n). Let y = -3 - p. What is the remainder when y is divided by 1?
0
Let o(j) = -2*j**3 + 3*j + 27. What is the remainder when 78 is divided by o(0)?
24
What is the remainder when 58 is divided by (2 - (-6 + 5))/((-9)/(-66))?
14
Suppose -5*m = -93 - 32. Let s be -1*(-77)/(-4) - (-27)/108. Let a = m + s. Calculate the remainder when 11 is divided by a.
5
Suppose 39 = 3*a - 81. Calculate the remainder when a is divided by (6 - 1)/(9/27).
10
Let l = -230 + 374. Suppose 2*w + 70 = l. Calculate the remainder when w is divided by 13.
11
Suppose 5*m - 34 = 16. Suppose 0 = -5*z + 165 + 15. Suppose -m = i - z. What is the remainder when 51 is divided by i?
25
Suppose 0*f + 25 = 5*f. Suppose 2*g - 4*p - 5 = 19, f*g + 3*p - 86 = 0. Suppose -o + 3 = -54. What is the remainder when o is divided by g?
9
Suppose -3*a = a - 2*s - 40, 3*a - s - 28 = 0. What is the remainder when a is divided by 4*65/70 + 2/7?
0
Suppose 5*i - 3*l - 3 = 0, 5*i + l + 2 = -l. Suppose i = -5*f + 43 + 22. What is the remainder when 38 is divided by f?
12
Suppose -l + 4*a = -13, 2*l + 30 = 5*l - 3*a. Calculate the remainder when 357 is divided by l.
6
Let z = 19 + -19. Suppose z = -11*o + 15*o - 8. What is the remainder when o is divided by 1?
0
Suppose -53 = 22*s - 185. What is the remainder when 10 is divided by s?
4
Suppose 0 = 2*w - 0*w - 10. Let k = -37 + 22. What is the remainder when w is divided by (-50)/k*12/10?
1
Let s = 640 - 578. Calculate the remainder when 495 is divided by s.
61
Calculate the remainder when 95 is divided by (-15)/(-18) + (37324/(-24))/(-31).
44
Suppose 39*q + 132 = 45*q. What is the remainder when 65 is divided by q?
21
Suppose -k - 4*k = x + 13, 4*x - 2*k + 30 = 0. Let o = x + 20. Calculate the remainder when 45 is divided by o.
9
Let l be -19*1/(-3)*3. Let b = -11 + l. Calculate the remainder when 13 is divided by b.
5
Suppose -54 = -8*g + 5*g. Let j = g + 15. Suppose -p + 0 = -18. Calculate the remainder when j is divided by p.
15
Let n(c) = c**2 + 5*c + 6. Let a be n(-8). Let o = 12 - a. Let i = 3 - o. What is the remainder when i is divided by 11?
10
Let v(n) = n**3 - 3*n**2. Let o = -75 + 92. What is the remainder when v(5) is divided by o?
16
Let t(m) = -2*m - 16. Let o be t(-12). Suppose 0 = 3*z + 5*n - 26, -z - 3*n + 42 = -o*n. What is the remainder when z is divided by (-1)/3 + (-28)/(-3)?
8
Let j be (-1)/((-5)/25 + 0). Suppose 26 = -j*s + 4*z + 89, 5*s = z + 57. Let t(d) = d**2 - 6*d + 10. What is the remainder when t(s) is divided by 34?
31
What is the remainder when 262 is divided by 4/30 + 30316/780?
28
Let b(j) = j - 2. Let w be b(-8). What is the remainder when 5/w - 278/(-4) is divided by 36?
33
Suppose 22 - 119 = -o. Calculate the remainder when o is divided by (-1 - -2)/((-32)/(-32)) - -48.
48
Let p(k) = -k. Let v(z) = 18*z + 20. Let j(y) = 4*p(y) + v(y). Let q be j(-8). Calculate the remainder when 43 is divided by 1/(-4 - 372/q).
20
Let s = 61 + -90. What is the remainder when 5/(-3)*(20/(-5) + s) is divided by 29?
26
Suppose -t + 2*t - 509 = -5*x, 2*x - 182 = 5*t. Calculate the remainder when x is divided by (-23)/(-46)*((-2)/1 + 38).
11
What is the remainder when 1538 is divided by (-4 + (-34)/(-4)*5)*2?
75
Let t = 17 - 6. Let i(b) = b + 17. Let c be i(9). Suppose c + 10 = 6*m. What is the remainder when t is divided by m?
5
Suppose -3*c + 12 = -12. Let r = c - -3. Let l = 1 + 42. Calculate the remainder when l is divided by r.
10
Let l = 195 + -76. What is the remainder when l is divided by 15?
14
Let j(a) = a**3 + 10*a**2 - 13*a - 10. Let q be j(-11). Let w be q/(-30) + 138/(-5). Let f = w + 41. Calculate the remainder when f is divided by 4.
1
Let a(q) = -q**2 - 10*q + 4. Let z be a(-10). Suppose -g = z, -3*c + 0*g + 52 = -g. What is the remainder when c is divided by 6?
4
Suppose -4*j = j - 10. Suppose -j*x - 4*o + 46 = 0, o + 2 = 3*o. Let c(f) = -f**2 - f + 12. Calculate the remainder when x is divided by c(0).
9
Suppose -q - 2 = -25. Let i = 106 + -16. What is the remainder when i is divided by q?
21
Suppose 4*v = 77 - 9. Let o = v + 11. Calculate the remainder when o is divided by 10.
8
Suppose 46*x = 49*x - 183. Calculate the remainder when 237 is divided by x.
54
Let m(w) = w + 24. Calculate the remainder when 42 is divided by m(3).
15
Let i = -150 - -192. What is the remainder when (12 + 0)*(-57)/(-9) is divided by i?
34
Let m(b) = -b**3 - 3*b**2 + 2*b - 2. Let v = 2835 - 2824. Calculate the remainder when v is divided by m(-4).
5
Let p(b) be the first derivative of -b**2 - 7*b + 10/3*b**3 - 7 - 1/4*b**4. Calculate the remainder when p(9) is divided by 29.
27
Let o = -31 - -32. Suppose -4*u - 12 = -3*h, -3*u - o = -10. Calculate the remainder when h is divided by 5.
3
Let w = -4 + 164. What is the remainder when ((-48)/(-40))/(3/w) is divided by 17?
13
Suppose -h + 70 = -z + 2*z, -z - 128 = -2*h. Suppose -3*c + 9 + h = 0. Let b(f) = f**2 - 10*f + 14. Calculate the remainder when c is divided by b(10).
11
Let c be 15/3 - 2/1. Suppose 0 = -5*u - 0*u + c*s + 17, -11 = -4*u + 5*s. Suppose 92 = u*y - 0*y. What is the remainder when y is divided by 8?
7
Suppose -4*q + 66 + 414 = 0. Let x = q - 105. Calculate the remainder when 26 is divided by x.
11
Let b(w) = -w**3 - 11*w**2 + 25*w - 10. Let m = -62 + 80. Calculate the remainder when m is divided by b(-13).
0
Let w be (10 + -7)*2/2. Let m = 22 - 16. Calculate the remainder when 23 + (w - 2)*-1 is divided by m.
4
What is the remainder when 247 is divided by -2*9/21*609/(-58)?
4
Suppose 0*q - o - 12 = -q, -o = -4*q + 51. Let z be (3/4)/(15/120). Let h = q - z. What is the remainder when 18 is divided by h?
4
Let f(x) = -5*x**2 + 2*x + 1. Suppose -5*z - 4 = 1. Let q be f(z). Calculate the remainder when 82 is divided by (-128)/q + (-1)/3.
19
Let w = -29 + 31. Let v(n) = -n**2 + 12*n + 6. Calculate the remainder when v(7) is divided by ((-2)/9 - (-865)/45) + w.
20
What is the remainder when (-12)/9*27/(-18) - -3 is divided by 2?
1
Let s be (8/6)/(4/12). Suppose -25 = -b + s*p + p, -4*b = p - 79. Let m = -136 + 213. What is the remainder when m is divided by b?
17
Let c = 14 - 26. Let g = c + 21. Calculate the remainder when 17 is divided by (-3)/((-3)/g*1).
8
Suppose 4*l + 4*r + 80 = 0, -2*r = -3*l + 2*r - 53. Let z = l - -17. What is the remainder when (z + -4)*7/(-2) is divided by 6?
3
Let l be (90/(-25))/(0 + 2/(-5)). Suppose 5*d + 5*b - 16 = l, 0 = -2*b. What is the remainder when 36 is divided by d?
1
Let f(q) = 16*q + 20. Let i be f(3). Suppose 4*b + 12 = 0, -2*b + 2 = -5*c + i. Calculate the remainder when 18 is divided by c.
6
Let t be ((-4)/(-8))/((-2)/(-4)). Suppose 2*a - 19 = -t. Let d = 109 - 106. What is the remainder when a is divided by d?
0
Suppose -5*v - 8*v = -325. Suppose y = d + 13, -y + v = 4*d + 2. Calculate the remainder when 134 is divided by y.
14
Let i = -4570 - -7060. What is the remainder when i is divided by 53?
52
Let c = 188 + -186. Calculate the remainder when 14 is divided by c.
0
Let v(b) = -b + 86. Let s(u) = -43. Let p(o) = 5*s(o) + 3*v(o). What is the remainder when p(8) is divided by 8?
3
What is the remainder when 176 - -2 - (1 + -5 + 10) is divided by 16?
12
Suppose -5*k - 2*s + 248 = 51, -s = -k + 45. Let h(a) = a**3 + 15*a**2 - a - 8. Calculate the remainder when k is divided by h(-15).
6
Suppose 2*j - 5*j = -6. Suppose 0 = -j*w + 146 - 38. What is the remainder when w is divided by 14?
12
Let k = -186 + 226. What is the remainder when k is divided by 1/3 - (-82)/6?
12
Let t be (232/(-6))/(5 - 68/12). Let n = 69 - t. Calculate the remainder when 43 is divided by n.
10
Let n = -1542 + 1572. Calculate the remainder when 99 is divided by n.
9
Suppose 2*w = 4*n - 6*n + 164, -3*n - 402 = -5*w. Suppose -4*b + w = 33. Let s(h) = 8*h**2 + 15*h + 14. What is the rema